atest common factor of 204 and 255?
51
What is the highest common divisor of 261 and 81?
9
Calculate the greatest common factor of 37 and 20.
1
What is the highest common divisor of 10 and 3035?
5
What is the greatest common factor of 18375 and 98?
49
Calculate the highest common divisor of 96 and 60.
12
What is the greatest common divisor of 38 and 1178?
38
Calculate the highest common factor of 182 and 224.
14
What is the greatest common factor of 50 and 11150?
50
Calculate the greatest common factor of 156 and 195.
39
Calculate the highest common divisor of 288 and 224.
32
Calculate the highest common factor of 1 and 509.
1
What is the greatest common divisor of 168 and 9408?
168
Calculate the greatest common factor of 72 and 888.
24
Calculate the highest common divisor of 438 and 12.
6
Calculate the highest common factor of 19 and 361.
19
Calculate the highest common factor of 931 and 703.
19
Calculate the greatest common factor of 91 and 203.
7
What is the greatest common divisor of 18 and 54?
18
Calculate the greatest common divisor of 25 and 4220.
5
Calculate the highest common divisor of 378 and 98.
14
Calculate the greatest common factor of 1100 and 50.
50
What is the highest common factor of 1334 and 87?
29
Calculate the greatest common divisor of 3185 and 1085.
35
Calculate the greatest common factor of 5 and 1143.
1
What is the highest common factor of 3040 and 320?
160
Calculate the highest common divisor of 990 and 270.
90
What is the highest common factor of 8064 and 63?
63
What is the greatest common divisor of 73 and 365?
73
Calculate the highest common divisor of 87 and 290.
29
Calculate the greatest common divisor of 96 and 456.
24
What is the highest common factor of 96 and 92?
4
Calculate the highest common factor of 87 and 5307.
87
Calculate the highest common divisor of 19 and 2489.
19
Calculate the highest common factor of 6 and 87.
3
What is the highest common factor of 2623 and 61?
61
What is the highest common divisor of 177 and 236?
59
What is the highest common divisor of 11 and 11?
11
Calculate the highest common divisor of 860 and 580.
20
What is the greatest common divisor of 6630 and 3510?
390
What is the greatest common factor of 204 and 36?
12
Calculate the greatest common factor of 12 and 17952.
12
What is the highest common divisor of 15 and 615?
15
Calculate the highest common factor of 100 and 5575.
25
Calculate the greatest common factor of 539 and 1771.
77
Calculate the greatest common divisor of 21 and 21.
21
What is the greatest common factor of 301 and 14?
7
What is the greatest common divisor of 2799 and 9?
9
What is the highest common divisor of 249 and 664?
83
What is the greatest common factor of 320 and 240?
80
Calculate the highest common divisor of 8712 and 154.
22
Calculate the greatest common factor of 567 and 8127.
189
Calculate the greatest common factor of 5955 and 15.
15
What is the greatest common divisor of 1860 and 30?
30
Calculate the greatest common factor of 98 and 14.
14
What is the highest common divisor of 2584 and 1326?
34
What is the greatest common divisor of 910 and 6916?
182
Calculate the highest common factor of 441 and 3843.
63
Calculate the greatest common divisor of 132 and 516.
12
Calculate the highest common factor of 14 and 3.
1
Calculate the highest common factor of 96 and 1312.
32
Calculate the highest common factor of 2312 and 1088.
136
Calculate the greatest common divisor of 147 and 9359.
49
Calculate the highest common factor of 112 and 1232.
112
What is the greatest common factor of 1284 and 96?
12
Calculate the highest common divisor of 61 and 11651.
61
Calculate the greatest common divisor of 492 and 24.
12
What is the highest common factor of 92 and 12926?
46
What is the greatest common divisor of 68 and 629?
17
Calculate the greatest common factor of 540 and 72.
36
Calculate the highest common divisor of 288 and 160.
32
What is the greatest common divisor of 1 and 43?
1
What is the highest common divisor of 70 and 350?
70
Calculate the highest common factor of 343 and 441.
49
What is the highest common divisor of 1156 and 16?
4
Calculate the greatest common divisor of 6466 and 212.
106
What is the highest common factor of 10673 and 26?
13
Calculate the highest common divisor of 59 and 1003.
59
What is the highest common divisor of 31 and 90737?
31
Calculate the greatest common divisor of 84 and 3192.
84
What is the highest common factor of 498 and 54?
6
Calculate the highest common divisor of 326 and 16.
2
Calculate the greatest common divisor of 12 and 1164.
12
What is the greatest common factor of 3 and 87?
3
What is the greatest common divisor of 6784 and 159?
53
Calculate the greatest common factor of 1188 and 2592.
108
What is the highest common factor of 8 and 88?
8
Calculate the greatest common factor of 2072 and 56.
56
What is the highest common divisor of 119 and 136?
17
What is the highest common factor of 11 and 1507?
11
Calculate the greatest common factor of 65 and 85.
5
Calculate the highest common divisor of 38 and 1539.
19
Calculate the greatest common divisor of 352 and 22.
22
What is the highest common divisor of 8260 and 14?
14
Calculate the greatest common divisor of 17730 and 90.
90
What is the greatest common divisor of 36 and 1356?
12
What is the highest common factor of 37 and 1332?
37
Calculate the highest common factor of 2010 and 30.
30
What is the highest common factor of 1325 and 25?
25
Calculate the highest common divisor of 3173 and 38.
19
Calculate the highest common factor of 25 and 30.
5
What is the greatest common divisor of 143 and 13?
13
What is the greatest common factor of 2662 and 88?
22
Calculate the highest common factor of 2752 and 301.
43
Calculate the highest common divisor of 10349 and 79.
79
What is the highest common factor of 102 and 2322?
6
What is the greatest common factor of 1121 and 171?
19
What is the greatest common factor of 108 and 8?
4
What is the highest common factor of 72 and 56?
8
Calculate the greatest common factor of 30 and 270.
30
Calculate the greatest common divisor of 3 and 3603.
3
What is the greatest common divisor of 574 and 123?
41
What is the greatest common divisor of 51 and 24?
3
What is the greatest common factor of 109 and 9?
1
What is the highest common divisor of 535 and 107?
107
What is the highest common factor of 198 and 330?
66
Calculate the highest common factor of 16 and 6.
2
What is the highest common divisor of 34 and 170?
34
Calculate the greatest common divisor of 55029 and 26.
13
What is the greatest common divisor of 319 and 12441?
319
What is the greatest common divisor of 52 and 2171?
13
Calculate the greatest common divisor of 156 and 884.
52
What is the highest common factor of 144 and 48?
48
What is the greatest common factor of 329 and 672?
7
What is the greatest common divisor of 6032 and 638?
58
Calculate the highest common factor of 506 and 23.
23
Calculate the highest common divisor of 1750 and 154.
14
What is the greatest common factor of 7 and 11?
1
What is the greatest common divisor of 12 and 3912?
12
What is the highest common factor of 50 and 50?
50
What is the highest common divisor of 34 and 12563?
17
Calculate the greatest common divisor of 83 and 332.
83
What is the highest common factor of 1800 and 540?
180
Calculate the highest common factor of 64 and 2.
2
What is the greatest common factor of 117 and 1269?
9
What is the greatest common factor of 8064 and 63?
63
Calculate the highest common divisor of 3632 and 208.
16
What is the highest common divisor of 150 and 168?
6
What is the highest common divisor of 57 and 33?
3
What is the highest common divisor of 58 and 87?
29
Calculate the greatest common factor of 12 and 52.
4
Calculate the greatest common factor of 39 and 1573.
13
Calculate the greatest common divisor of 426 and 18.
6
What is the greatest common factor of 28 and 26397?
7
What is the greatest common factor of 119 and 14?
7
What is the highest common divisor of 1529 and 11?
11
What is the highest common factor of 38 and 15542?
38
What is the greatest common divisor of 3321 and 82?
41
Calculate the highest common divisor of 1955 and 34.
17
Calculate the highest common divisor of 70904 and 8.
8
Calculate the greatest common fact